 6486838352.
2, 5857, 69221
List the prime factors of 274062569.
11, 61, 263, 1553
List the prime factors of 61857003.
3, 13, 1586077
List the prime factors of 7501435952.
2, 443, 1058329
What are the prime factors of 4403246304?
2, 3, 45867149
List the prime factors of 30508395.
3, 5, 19, 167, 641
What are the prime factors of 41287563?
3, 509723
List the prime factors of 415743262.
2, 11, 17, 23, 2843
What are the prime factors of 476797227?
3, 158932409
What are the prime factors of 2174375348?
2, 543593837
List the prime factors of 586242387.
3, 21712681
List the prime factors of 1866676213.
67, 27860839
List the prime factors of 3130259.
11, 383, 743
What are the prime factors of 737257218?
2, 3, 769, 159787
List the prime factors of 1274106255.
3, 5, 1669, 50893
What are the prime factors of 5384528909?
5384528909
What are the prime factors of 282850377?
3, 94283459
What are the prime factors of 116857943?
116857943
List the prime factors of 152008435.
5, 30401687
What are the prime factors of 713369061?
3, 79263229
What are the prime factors of 51034317?
3, 17011439
What are the prime factors of 16226393?
16226393
What are the prime factors of 304566893?
43, 7082951
What are the prime factors of 706560908?
2, 139, 241, 5273
What are the prime factors of 250621369?
211, 593, 2003
List the prime factors of 64114157.
17, 29, 47, 2767
What are the prime factors of 367466851?
367466851
List the prime factors of 5008494908.
2, 1252123727
List the prime factors of 86937425.
5, 41, 89, 953
What are the prime factors of 516882112?
2, 439, 18397
What are the prime factors of 79832759?
79832759
What are the prime factors of 5014837102?
2, 11, 227947141
List the prime factors of 395177718.
2, 3, 13, 5066381
What are the prime factors of 55946686?
2, 223, 125441
What are the prime factors of 1031866833?
3, 17, 20232683
List the prime factors of 347849564.
2, 86962391
List the prime factors of 73729480.
2, 5, 11, 41, 61, 67
List the prime factors of 55483757.
7, 29, 37, 83, 89
What are the prime factors of 2063334791?
7, 9623, 30631
What are the prime factors of 55646576?
2, 17, 204583
What are the prime factors of 660445549?
97, 6808717
List the prime factors of 297601832.
2, 11, 3381839
List the prime factors of 32433.
3, 19, 569
What are the prime factors of 2754858691?
13, 79, 206341
What are the prime factors of 130388533?
11, 53, 139, 1609
List the prime factors of 2745524750.
2, 5, 10982099
What are the prime factors of 56464174?
2, 13, 17, 127747
List the prime factors of 7676536224.
2, 3, 7, 37, 89, 3469
What are the prime factors of 6500052?
2, 3, 13, 17, 19, 43
List the prime factors of 35840528.
2, 571, 3923
List the prime factors of 2804414421.
3, 19, 2589487
What are the prime factors of 8510464?
2, 8311
What are the prime factors of 63238503?
3, 21079501
What are the prime factors of 8089957920?
2, 3, 5, 11, 719, 2131
What are the prime factors of 1667114818?
2, 833557409
List the prime factors of 11440324.
2, 7, 58369
List the prime factors of 310673704.
2, 11, 53, 59, 1129
List the prime factors of 177050242.
2, 1429, 61949
What are the prime factors of 1055840684?
2, 263960171
What are the prime factors of 15858714?
2, 3, 2643119
What are the prime factors of 2689003563?
3, 896334521
List the prime factors of 843885576.
2, 3, 17, 599, 1151
List the prime factors of 53052468.
2, 3, 7, 631577
What are the prime factors of 3102511543?
17, 182500679
What are the prime factors of 2519096551?
19, 23, 5764523
What are the prime factors of 5454837?
3, 202031
List the prime factors of 31963443.
3, 10654481
What are the prime factors of 72978311?
7, 223, 46751
List the prime factors of 86735312.
2, 367, 14771
What are the prime factors of 24192837?
3, 99559
List the prime factors of 560132589.
3, 239, 781217
List the prime factors of 1158824932.
2, 6091, 47563
List the prime factors of 67858210.
2, 5, 7, 969403
What are the prime factors of 39923173?
229, 174337
List the prime factors of 647550534.
2, 3, 659, 163771
List the prime factors of 106255587.
3, 89, 167, 2383
What are the prime factors of 354279927?
3, 5743, 20563
What are the prime factors of 236597904?
2, 3, 67, 137, 179
List the prime factors of 351770706.
2, 3, 7, 398833
What are the prime factors of 30310675?
5, 1212427
What are the prime factors of 1496040550?
2, 5, 47, 636613
List the prime factors of 1530955692.
2, 3, 7, 6075221
List the prime factors of 4823789582.
2, 211, 11430781
What are the prime factors of 1924186652?
2, 127, 3787769
List the prime factors of 2757203405.
5, 11, 4557361
What are the prime factors of 9979204?
2, 17, 101, 1453
List the prime factors of 1587391382.
2, 401, 1979291
List the prime factors of 7762492931.
7762492931
What are the prime factors of 37990012?
2, 9497503
What are the prime factors of 251253587?
13, 19, 23, 47, 941
What are the prime factors of 3693803?
79, 46757
What are the prime factors of 35015572?
2, 8753893
What are the prime factors of 118967449?
118967449
What are the prime factors of 17398804?
2, 4349701
List the prime factors of 250061236.
2, 2803, 22303
List the prime factors of 309681421.
7, 317, 19937
List the prime factors of 262135741.
7, 227, 23567
What are the prime factors of 67252959?
3, 269, 27779
List the prime factors of 3294269204.
2, 823567301
What are the prime factors of 31658911?
31658911
What are the prime factors of 67308352?
2, 83, 12671
What are the prime factors of 445563618?
2, 3, 74260603
What are the prime factors of 118907700?
2, 3, 5, 19, 23, 907
What are the prime factors of 1046555699?
7, 149507957
List the prime factors of 190849891.
419, 455489
List the prime factors of 557890188.
2, 3, 47, 277, 3571
List the prime factors of 111184709.
17, 6540277
List the prime factors of 402930785.
5, 29, 2778833
What are the prime factors of 113314487?
11, 13, 67, 11827
List the prime factors of 56892056.
2, 13, 283, 1933
What are the prime factors of 2722512417?
3, 419, 619, 3499
What are the prime factors of 173305845?
3, 5, 1087, 1181
List the prime factors of 3234616595.
5, 7, 8821, 10477
List the prime factors of 430939796.
2, 7, 1039, 14813
What are the prime factors of 135750055?
5, 7, 229, 16937
List the prime factors of 1534183928.
2, 43, 823, 5419
What are the prime factors of 148958573?
17, 8762269
List the prime factors of 111475428.
2, 3, 9289619
What are the prime factors of 2204633121?
3, 563, 1305289
What are the prime factors of 506237054?
2, 253118527
What are the prime factors of 919319949?
3, 11349629
List the prime factors of 109090399.
11, 9917309
List the prime factors of 1439632056.
2, 3, 6397, 9377
What are the prime factors of 53953805?
5, 557, 19373
List the prime factors of 44164690.
2, 5, 137, 32237
What are the prime factors of 254216964?
2, 3, 21184747
List the prime factors of 216251019.
3, 71, 112807
What are the prime factors of 174737082?
2, 3, 13, 89, 25171
What are the prime factors of 304429641?
3, 31, 83, 39439
What are the prime factors of 56357558?
2, 2969, 9491
What are the prime factors of 1012153209?
3, 71, 4751893
What are the prime factors of 169291810?
2, 5, 1559, 10859
What are the prime factors of 178187151?
3, 59395717
What are the prime factors of 816563529?
3, 31, 2926751
What are the prime factors of 760638201?
3, 181, 1400807
What are the prime factors of 111306992?
2, 6956687
List the prime factors of 264322750.
2, 5, 1057291
What are the prime factors of 6092704996?
2, 7, 19, 1627, 7039
What are the prime factors of 1562193110?
2, 5, 19, 8222069
List the prime factors of 344829578.
2, 5009, 34421
List the prime factors of 283296324.
2, 3, 23608027
List the prime factors of 7856126.
2, 373, 10531
List the prime factors of 24843675.
3, 5, 331249
List the prime factors of 150253880.
2, 5, 7, 536621
What are the prime factors of 709262302?
2, 7, 50661593
List the prime factors of 249019127.
7, 1747, 2909
List the prime factors of 16109149.
7, 17, 7963
What are the prime factors of 11155071?
3, 19, 31, 59, 107
List the prime factors of 143994601.
143994601
What are the prime factors of 2776232980?
2, 5, 138811649
What are the prime factors of 4070528871?
3, 1356842957
What are the prime factors of 80002818?
2, 3, 7, 634943
List the prime factors of 3